hat is a(h)?
-3
Let u(q) = -2 - q**2 + 164*q + 162*q - 334*q. Determine u(-8).
-2
Suppose -3*n - 12 = 0, 2*w + 4*n + 8 = -2. Let d(l) = 1 - 2 + 1 - w + 2*l + 2*l**2. Let z = 7 + -10. Calculate d(z).
9
Let v = -10 - -16. Let z(h) = v - 7*h + 1 - 17*h**2 + 16*h**2. What is z(-7)?
7
Let f(k) = 37*k - 36*k - 4 + 0. Calculate f(-2).
-6
Let k(d) = d. Let a(t) be the first derivative of t**3/3 + t**2/2 - 2*t + 3. Let l(q) = -a(q) + 2*k(q). Determine l(4).
-10
Suppose 10*c + 30 - 70 = 0. Let i(x) be the second derivative of 2*x + 2/3*x**3 + 5/2*x**2 + 1/12*x**c + 0. Calculate i(-4).
5
Let i(v) be the second derivative of 2*v**2 + 0*v**3 - 3*v - 1/20*v**5 + 1/4*v**4 + 0. Let k be 2 - (-2 + 3) - -2. What is i(k)?
4
Let p(b) = 1 + 3*b - 13*b + 6*b + 5*b. Suppose 2*m - 4*c - 22 = 0, -5*m - 5*c - 21 = -1. Suppose -o + m = -0. Give p(o).
2
Let s(b) be the third derivative of 0*b - 3*b**2 + 0*b**5 + 0 - 1/24*b**4 - 1/240*b**6 + 0*b**3. Let t(o) be the second derivative of s(o). Determine t(2).
-6
Let x(l) be the first derivative of -l**6/360 + 7*l**5/120 - l**4/8 - 8*l**3/3 - 7. Let s(o) be the third derivative of x(o). What is s(5)?
7
Let b(w) = -2*w + 1. Let a(s) = -s**3 + 15*s**2 + s - 9. Let o be a(15). Let k = o + -8. What is b(k)?
5
Let i(q) = -q**3 - 4*q**2 - q - 1. Let j be ((-8)/(-1))/(-4) + -2. What is i(j)?
3
Suppose -5*w - 1 = 24. Let u = -8 - w. Let n(f) = -f**3 - f**2 + 5*f + 3. What is n(u)?
6
Let l(q) be the first derivative of q**2/2 - 3*q + 2. Let s be l(6). Let n(h) = -s*h**2 + h**2 - h**3 + 2*h + 2 - 4. Determine n(-3).
1
Let h be -9 - (-1 + -5 + 3). Let w = h + 5. Let t(d) = -5*d**3 + 5*d - 1. Let z(p) = p. Let o(u) = -t(u) + 5*z(u). What is o(w)?
-4
Let i(f) be the second derivative of -f**3 - f**2/2 - 10*f. Determine i(1).
-7
Let a(s) be the second derivative of -5*s**3/6 + s**2/2 + 10*s. What is a(-3)?
16
Suppose -16 - 8 = -4*g. Let d(v) be the third derivative of 0*v + 1/120*v**g - 1/12*v**5 + 0 + 2/3*v**3 - 1/8*v**4 - 2*v**2. Determine d(5).
-11
Let k(m) = m - 5. Let t(l) = -2*l - 18. Let n be t(-9). Determine k(n).
-5
Let w(j) = -1 + 4*j + 1. Let u be ((-2 - 0) + -15)*-1. Let p = 19 - u. Calculate w(p).
8
Let y(a) = a**3 + 5*a**2 + a + 1. Let h be (-6 + 5/5)*1. Calculate y(h).
-4
Let q(s) = -19*s**3 + 21*s**2 - 10*s + 16. Let o(r) = 4*r**3 - 4*r**2 + 2*r - 3. Let c(v) = 11*o(v) + 2*q(v). Let x(h) = -h + 10. Let u be x(9). What is c(u)?
5
Let t(d) be the second derivative of -d**3/3 - 40*d. Calculate t(2).
-4
Let n(z) = -z**3 + 6*z**2 + 4*z + 4. Let u(k) = -5*k**3 + k - 6. Let r(o) = -4*o**3 + o - 5. Let m(t) = 6*r(t) - 5*u(t). Let y(x) = -2*m(x) - n(x). Give y(-5).
1
Let k(v) be the third derivative of -v**5/20 - v**3/6 + 6*v**2. Let s(c) = c**3 - 3*c**2 + 3*c - 3. Let a be s(2). Determine k(a).
-4
Suppose -7*l + 6 = -3*l + 3*t, 0 = -5*l - t + 2. Suppose l = 2*k - 4*k - 4. Let r(y) = -2*y**2 - 2*y - 2. Give r(k).
-6
Let h be 6*(0 - -1)*-1. Let k(i) = -3*i**2 - 6*i - 3. Let p(m) = -13*m**2 - 23*m - 11. Let o(y) = -9*k(y) + 2*p(y). What is o(h)?
-7
Let a(t) = -t**3 + t**2 + 3*t - 2. Suppose 2*p = 2*m - m, -2*m = 5*p + 9. Let c be p/(4 + 52/(-12)). Calculate a(c).
-11
Let p(u) = u**3 + 5*u**2 + 2*u + 6. Let l(q) be the first derivative of -3*q**4/4 + q**3/3 + q**2 + q + 2. Let n be l(-1). Suppose -n*k = 6 + 9. Determine p(k).
-4
Suppose -5 = -3*i + 4. Suppose -2*k - 3 = i. Let b(l) = l + 1. What is b(k)?
-2
Let t(c) be the second derivative of c**3/6 - 3*c**2/2 + 3*c. Suppose -f = -2 - 5. Let y be (-1 - -1)/((-14)/f). Give t(y).
-3
Let a(w) = w**3 + 5*w**2 - 8*w - 8. Let q be a(-6). Suppose 3*i + q*h = -2*i + 14, -i + 4*h = -22. Let f(u) = -u**3 + 7*u**2 - 5*u - 7. Calculate f(i).
-1
Suppose 11 = -4*g + 5*g. Let a(j) = -j + 16. Determine a(g).
5
Let g(k) be the second derivative of k**5/20 - k**4/6 + k**3/6 - k**2/2 + 15*k. Suppose -7*b + 24 = -3*b. Let j be 3/b - 3/(-6). Calculate g(j).
-1
Let g(f) = -1. Let y(h) = h**2 + 4*h - 6. Let x(d) = 5*g(d) - y(d). Determine x(-5).
-4
Let s(t) = 4*t**3 + t**2 + 11. Let g(c) = 5*c**3 + c**2 + 10. Let f(n) = 3*g(n) - 4*s(n). Calculate f(0).
-14
Let i(r) = 6*r + 4. Let z(v) = 7*v + 4. Let f(k) = -6*i(k) + 5*z(k). Calculate f(-3).
-1
Suppose 5*i + 23 = 2*z, 12 = z - 4*i - 1. Let f(c) = -c**3 + 10*c**2 - 10*c + 10. Give f(z).
1
Let s(b) = 23*b + 3. Let d(o) = 11*o + 1. Let v(y) = 9*d(y) - 4*s(y). Calculate v(2).
11
Let q(k) = -5*k**3 + k**2 + 2*k + 1. Let m be q(-1). Suppose m = 4*a - 3. Suppose 2 = -j + 2*i, 0 = -a*j + i - 4. Let s(x) = -3*x. Determine s(j).
6
Let j(n) = n**2 - 4*n + 5. Let h(i) = i**3 + 4*i**2 + 2*i. Let f be h(-2). Give j(f).
5
Let q(s) = -1 - s**2 + s + 0*s - 2*s. Suppose 0 = 4*z + z. Let h(f) = f**2 - 1. Let d be h(z). What is q(d)?
-1
Let z(q) = -q**3 + 5*q**2 + 3*q - 7. Let r be z(5). Suppose j = 5*j - r. Let w(g) = 7*g + 2*g - j + 3 - g. Calculate w(1).
9
Let j(k) = -k - 6. Let v(c) = 1. Let q(a) = -j(a) + 3*v(a). Give q(0).
9
Let w = 131 - 129. Let v(a) be the first derivative of 2 + 1/2*a**w + 2/3*a**3 + 0*a. Give v(-1).
1
Let u(r) = -r + r - 3*r**3 - 6*r**2 + 2*r**3 + r. Determine u(-6).
-6
Suppose -r + 24 = -3*m, -1 = -r - 2*m - 2. Let j(g) = -g + 5. Calculate j(r).
-4
Let l = -2 + 5. Let m(q) = 22*q**l + 0*q**2 - 6*q**2 + 6*q - 5 - 23*q**3. What is m(-7)?
2
Let n(h) = -2*h + 1. Let d(q) = -3*q + 2. Let p(i) = 3*d(i) - 4*n(i). Give p(2).
0
Let l(b) = 0*b - 6*b - b + b. Give l(-4).
24
Suppose 0 = 4*u - 2*m - 20, -u - 3*m = -m + 5. Let a(h) = -h**2 - 4*h**2 - 3 + 2*h**u + 9 - 3*h**3. Calculate a(-5).
6
Let p be (-7)/2*(-20)/35. Let w(a) be the second derivative of a**3/2 - 5*a. What is w(p)?
6
Suppose 2*a + 3 - 5 = 0. Let q(o) = -2*o**2 + 2*o - 8. Let l(v) = v - 1. Let g(n) = a*q(n) - 6*l(n). Suppose -3*d = 4*k, -d - 6 = 3*k - 1. Determine g(k).
-8
Let k = 1 - -1. Let x = -3 - -14. Let d(p) = 2*p - p + 8 - x + 5. Determine d(k).
4
Suppose -2*j = -4*j. Suppose -5 = 4*o - 2*o - u, -3*o + 4*u = j. Let w(l) = -2*l - 4. What is w(o)?
4
Let p(l) be the third derivative of -1/3*l**3 + 2*l**2 + 1/24*l**4 + 0*l + 0. Give p(4).
2
Let a(f) = -f + 10. Let m be a(8). Suppose 2*y + 3*l = 19, 2*l + 0 - m = 4*y. Let b(w) = 1 + y - 9*w + 2 - 4. Determine b(1).
-8
Let v(j) = -j**3 - j**2 + 4*j + 3. Let k = -6 + 10. Suppose -s - 10 = k*s. What is v(s)?
-1
Suppose 0 = 3*s - 2*s. Let f(p) be the first derivative of -p**4/4 + p**2/2 + 2*p + 64. Calculate f(s).
2
Let k(u) be the second derivative of u**2 + 0 + 1/3*u**3 + 3*u + 1/12*u**4. Suppose -21 = 3*a - 4*y, y - 6 = 5*a + 4*y. What is k(a)?
5
Suppose 3*o = -2*c - 11, -4*o = -c + 3*c + 14. Let p(b) = -30*b**2. What is p(c)?
-30
Let b(v) = v**3 - 4*v**2 - 5*v + 5. Suppose -2*z + 1 = y, 2*y - 5*z - 14 = -y. Suppose 6*t = y*t - 15. Let f = t - -10. Determine b(f).
5
Suppose -5*j - 10 = 10. Let v(n) = 3*n + 6. Let k be v(j). Let t(f) = -2*f - 4. Give t(k).
8
Let u(g) = g**3 + 7*g**2 - 8*g + 3. Suppose 0 = s - 5*s + 20. Suppose -3*x = s*h + 46, -6*x - 10 = -x. Give u(h).
3
Let c(h) = 3*h**2 + 9*h + 4. Let t(z) = 4*z**2 + 10*z + 3. Let i(p) = -3*c(p) + 2*t(p). Calculate i(-4).
6
Suppose m = -3*m + 12. Let c be m + 0*(-1 - -2). Let s(y) = -3*y - c*y**2 + 4*y**3 - 4 + 3 - 3*y**3. Calculate s(4).
3
Suppose -n + 1 = -u - 1, 0 = 2*u - n + 2. Let s(h) = h + 4. What is s(u)?
4
Let i(l) = -l**3 - 3*l**2 + l + 2. Let k(w) = 2*w**2 + 7*w. Let r be k(-3). What is i(r)?
-1
Let v(d) be the third derivative of -d**5/60 + d**4/6 - d**3/6 + d**2. Let l(z) = z. Suppose 0 = -3*m + 2 + 4. Let w be l(m). Calculate v(w).
3
Let z(i) = -20*i. Let r(p) = p**3 - 6*p**2 - 2*p + 13. Let o be r(6). What is z(o)?
-20
Let t(u) = u**2 - u - 1. Suppose -4*k = -2*z - k - 3, 5*k - 3 = 4*z. Let w = z - 0. What is t(w)?
5
Let o = 5 + -2. Let h(r) = 2*r**2 - 115 + 115 - 4*r. Calculate h(o).
6
Suppose -r - 2*r = 0. Suppose r = 4*g - 0*g - 5*l - 4, -2*l + 1 = g. Let j(d) = -2*d**3 - d**2 + 1. Calculate j(g).
-2
Suppose 10 = 3*l + 1, 0 = -5*n - 2*l + 21. Let f = 1 + n. Suppose a = -f + 9. Let q(c) = -c**3 + 4*c**2 + 4*c + 4. What is q(a)?
-1
Let b(d) = -4*d - 8*d**2 + 3*d - 7*d**2 + 8*d**2. Calculate b(1).
-8
Let g(i) = 4*i - 1. Let p be ((-1)/(-3))/((-3)/(-9)). Let z(y) = y + 0*y + y**3 + y - p + 4*y**2. Let c be z(-3). What is g(c)?
7
Suppose 4*z + 2*g + 28 = 3*g, 0 = -5*z - 5*g